{"id":164,"date":"2025-02-02T09:31:13","date_gmt":"2025-02-02T09:31:13","guid":{"rendered":"https:\/\/kleingarten-bdf.at\/?page_id=164"},"modified":"2025-02-21T09:47:04","modified_gmt":"2025-02-21T09:47:04","slug":"bauen","status":"publish","type":"page","link":"https:\/\/kleingarten-bdf.at\/index.php\/bauen\/","title":{"rendered":"Bauen"},"content":{"rendered":"<div class=\"wp-block-image\">\n<figure class=\"alignright size-full is-resized\"><img loading=\"lazy\" decoding=\"async\" width=\"612\" height=\"408\" src=\"https:\/\/kleingarten-bdf.at\/wp-content\/uploads\/2025\/02\/Landschaftsbau.png\" alt=\"\" class=\"wp-image-201\" style=\"width:370px;height:auto\" srcset=\"https:\/\/kleingarten-bdf.at\/wp-content\/uploads\/2025\/02\/Landschaftsbau.png 612w, https:\/\/kleingarten-bdf.at\/wp-content\/uploads\/2025\/02\/Landschaftsbau-300x200.png 300w\" sizes=\"auto, (max-width: 612px) 100vw, 612px\" \/><\/figure>\n<\/div>\n\n\n<h2 class=\"wp-block-heading\">Informationen f\u00fcr Bauvorhaben in der Kleingartenanlage<\/h2>\n\n\n\n<p>Die folgenden Informationen richten sich an alle Kleingartenp\u00e4chter in Biedermannsdorf, auf deren Grundst\u00fccken die Marktgemeinde Biedermannsdorf als Generalp\u00e4chter fungiert.<\/p>\n\n\n\n<p>Die nachstehenden Informationen bieten eine allgemeine Hilfestellung, um m\u00f6gliche Verz\u00f6gerungen im Bauvorhaben so gering wie m\u00f6glich zu halten.<\/p>\n\n\n\n<p>Bitte beachten Sie, dass die geltenden gesetzlichen Bestimmungen (z. B. Nieder\u00f6sterreichisches Kleingartengesetz, Bundes Kleingartengesetz usw.) strikt eingehalten werden m\u00fcssen. Weitere Informationen zu den geltenden Gesetzen <a href=\"\/index.php\/rechtliches\">finden Sie hier<\/a>.<\/p>\n\n\n\n<p><strong>Wichtiger Hinweis:<\/strong><br>Bauvorhaben: (Neu-, An-, Umbauten von H\u00fctten, Pergola etc.) unbedingt vor Baubeginn der Vereinsleitung und anschlie\u00dfend der Marktgemeinde Biedermannsdorf (Bauamt) schriftlich mit Bauplan den genauen Gr\u00f6\u00dfenangaben von Grundst\u00fcck, Lageplan und Bauplan des Objektes, zur Genehmigung \u00fcbergeben.<br><br><strong>Erst nach schriftlicher Genehmigung darf mit dem Bau begonnen werden.<\/strong><br>F\u00fcr die gesetzlichen Bestimmungen kontaktieren Sie bitte die Vereinsleitung.<\/p>\n\n\n\n<p><\/p>\n","protected":false},"excerpt":{"rendered":"<p>Informationen f\u00fcr Bauvorhaben in der Kleingartenanlage Die folgenden Informationen richten sich an alle Kleingartenp\u00e4chter in Biedermannsdorf, auf deren Grundst\u00fccken die Marktgemeinde Biedermannsdorf als Generalp\u00e4chter fungiert. Die nachstehenden Informationen bieten eine&#8230;<\/p>\n","protected":false},"author":1,"featured_media":0,"parent":0,"menu_order":0,"comment_status":"closed","ping_status":"closed","template":"","meta":{"_uag_custom_page_level_css":"","_kad_post_transparent":"","_kad_post_title":"","_kad_post_layout":"","_kad_post_sidebar_id":"","_kad_post_content_style":"","_kad_post_vertical_padding":"","_kad_post_feature":"","_kad_post_feature_position":"","_kad_post_header":false,"_kad_post_footer":false,"_kad_post_classname":"","footnotes":""},"class_list":["post-164","page","type-page","status-publish","hentry"],"yoast_head":"<!-- This site is optimized with the Yoast SEO plugin v27.5 - https:\/\/yoast.com\/product\/yoast-seo-wordpress\/ -->\n<title>Bauen - Kleingartenverein Biedermannsdorf<\/title>\n<meta name=\"robots\" content=\"index, follow, max-snippet:-1, max-image-preview:large, max-video-preview:-1\" \/>\n<link rel=\"canonical\" href=\"https:\/\/kleingarten-bdf.at\/index.php\/bauen\/\" \/>\n<meta property=\"og:locale\" content=\"de_DE\" \/>\n<meta property=\"og:type\" content=\"article\" \/>\n<meta property=\"og:title\" content=\"Bauen - Kleingartenverein Biedermannsdorf\" \/>\n<meta property=\"og:description\" content=\"Informationen f\u00fcr Bauvorhaben in der Kleingartenanlage Die folgenden Informationen richten sich an alle Kleingartenp\u00e4chter in Biedermannsdorf, auf deren Grundst\u00fccken die Marktgemeinde Biedermannsdorf als Generalp\u00e4chter fungiert. Die nachstehenden Informationen bieten eine...\" \/>\n<meta property=\"og:url\" content=\"https:\/\/kleingarten-bdf.at\/index.php\/bauen\/\" \/>\n<meta property=\"og:site_name\" content=\"Kleingartenverein Biedermannsdorf\" \/>\n<meta property=\"article:modified_time\" content=\"2025-02-21T09:47:04+00:00\" \/>\n<meta property=\"og:image\" content=\"https:\/\/kleingarten-bdf.at\/wp-content\/uploads\/2025\/02\/Landschaftsbau.png\" \/>\n\t<meta property=\"og:image:width\" content=\"612\" \/>\n\t<meta property=\"og:image:height\" content=\"408\" \/>\n\t<meta property=\"og:image:type\" content=\"image\/png\" \/>\n<meta name=\"twitter:card\" content=\"summary_large_image\" \/>\n<meta name=\"twitter:label1\" content=\"Gesch\u00e4tzte Lesezeit\" \/>\n\t<meta name=\"twitter:data1\" content=\"1\u00a0Minute\" \/>\n<script type=\"application\/ld+json\" class=\"yoast-schema-graph\">{\"@context\":\"https:\\\/\\\/schema.org\",\"@graph\":[{\"@type\":\"WebPage\",\"@id\":\"https:\\\/\\\/kleingarten-bdf.at\\\/index.php\\\/bauen\\\/\",\"url\":\"https:\\\/\\\/kleingarten-bdf.at\\\/index.php\\\/bauen\\\/\",\"name\":\"Bauen - Kleingartenverein Biedermannsdorf\",\"isPartOf\":{\"@id\":\"https:\\\/\\\/kleingarten-bdf.at\\\/#website\"},\"primaryImageOfPage\":{\"@id\":\"https:\\\/\\\/kleingarten-bdf.at\\\/index.php\\\/bauen\\\/#primaryimage\"},\"image\":{\"@id\":\"https:\\\/\\\/kleingarten-bdf.at\\\/index.php\\\/bauen\\\/#primaryimage\"},\"thumbnailUrl\":\"https:\\\/\\\/kleingarten-bdf.at\\\/wp-content\\\/uploads\\\/2025\\\/02\\\/Landschaftsbau.png\",\"datePublished\":\"2025-02-02T09:31:13+00:00\",\"dateModified\":\"2025-02-21T09:47:04+00:00\",\"breadcrumb\":{\"@id\":\"https:\\\/\\\/kleingarten-bdf.at\\\/index.php\\\/bauen\\\/#breadcrumb\"},\"inLanguage\":\"de\",\"potentialAction\":[{\"@type\":\"ReadAction\",\"target\":[\"https:\\\/\\\/kleingarten-bdf.at\\\/index.php\\\/bauen\\\/\"]}]},{\"@type\":\"ImageObject\",\"inLanguage\":\"de\",\"@id\":\"https:\\\/\\\/kleingarten-bdf.at\\\/index.php\\\/bauen\\\/#primaryimage\",\"url\":\"https:\\\/\\\/kleingarten-bdf.at\\\/wp-content\\\/uploads\\\/2025\\\/02\\\/Landschaftsbau.png\",\"contentUrl\":\"https:\\\/\\\/kleingarten-bdf.at\\\/wp-content\\\/uploads\\\/2025\\\/02\\\/Landschaftsbau.png\",\"width\":612,\"height\":408},{\"@type\":\"BreadcrumbList\",\"@id\":\"https:\\\/\\\/kleingarten-bdf.at\\\/index.php\\\/bauen\\\/#breadcrumb\",\"itemListElement\":[{\"@type\":\"ListItem\",\"position\":1,\"name\":\"Startseite\",\"item\":\"https:\\\/\\\/kleingarten-bdf.at\\\/\"},{\"@type\":\"ListItem\",\"position\":2,\"name\":\"Bauen\"}]},{\"@type\":\"WebSite\",\"@id\":\"https:\\\/\\\/kleingarten-bdf.at\\\/#website\",\"url\":\"https:\\\/\\\/kleingarten-bdf.at\\\/\",\"name\":\"Kleingartenverein Biedermannsdorf\",\"description\":\"\",\"publisher\":{\"@id\":\"https:\\\/\\\/kleingarten-bdf.at\\\/#organization\"},\"potentialAction\":[{\"@type\":\"SearchAction\",\"target\":{\"@type\":\"EntryPoint\",\"urlTemplate\":\"https:\\\/\\\/kleingarten-bdf.at\\\/?s={search_term_string}\"},\"query-input\":{\"@type\":\"PropertyValueSpecification\",\"valueRequired\":true,\"valueName\":\"search_term_string\"}}],\"inLanguage\":\"de\"},{\"@type\":\"Organization\",\"@id\":\"https:\\\/\\\/kleingarten-bdf.at\\\/#organization\",\"name\":\"Kleingartenverein Biedermannsdorf\",\"url\":\"https:\\\/\\\/kleingarten-bdf.at\\\/\",\"logo\":{\"@type\":\"ImageObject\",\"inLanguage\":\"de\",\"@id\":\"https:\\\/\\\/kleingarten-bdf.at\\\/#\\\/schema\\\/logo\\\/image\\\/\",\"url\":\"https:\\\/\\\/kleingarten-bdf.at\\\/wp-content\\\/uploads\\\/2025\\\/02\\\/cropped-lilie-2.png\",\"contentUrl\":\"https:\\\/\\\/kleingarten-bdf.at\\\/wp-content\\\/uploads\\\/2025\\\/02\\\/cropped-lilie-2.png\",\"width\":245,\"height\":245,\"caption\":\"Kleingartenverein Biedermannsdorf\"},\"image\":{\"@id\":\"https:\\\/\\\/kleingarten-bdf.at\\\/#\\\/schema\\\/logo\\\/image\\\/\"}}]}<\/script>\n<!-- \/ Yoast SEO plugin. -->","yoast_head_json":{"title":"Bauen - Kleingartenverein Biedermannsdorf","robots":{"index":"index","follow":"follow","max-snippet":"max-snippet:-1","max-image-preview":"max-image-preview:large","max-video-preview":"max-video-preview:-1"},"canonical":"https:\/\/kleingarten-bdf.at\/index.php\/bauen\/","og_locale":"de_DE","og_type":"article","og_title":"Bauen - Kleingartenverein Biedermannsdorf","og_description":"Informationen f\u00fcr Bauvorhaben in der Kleingartenanlage Die folgenden Informationen richten sich an alle Kleingartenp\u00e4chter in Biedermannsdorf, auf deren Grundst\u00fccken die Marktgemeinde Biedermannsdorf als Generalp\u00e4chter fungiert. Die nachstehenden Informationen bieten eine...","og_url":"https:\/\/kleingarten-bdf.at\/index.php\/bauen\/","og_site_name":"Kleingartenverein Biedermannsdorf","article_modified_time":"2025-02-21T09:47:04+00:00","og_image":[{"width":612,"height":408,"url":"https:\/\/kleingarten-bdf.at\/wp-content\/uploads\/2025\/02\/Landschaftsbau.png","type":"image\/png"}],"twitter_card":"summary_large_image","twitter_misc":{"Gesch\u00e4tzte Lesezeit":"1\u00a0Minute"},"schema":{"@context":"https:\/\/schema.org","@graph":[{"@type":"WebPage","@id":"https:\/\/kleingarten-bdf.at\/index.php\/bauen\/","url":"https:\/\/kleingarten-bdf.at\/index.php\/bauen\/","name":"Bauen - Kleingartenverein Biedermannsdorf","isPartOf":{"@id":"https:\/\/kleingarten-bdf.at\/#website"},"primaryImageOfPage":{"@id":"https:\/\/kleingarten-bdf.at\/index.php\/bauen\/#primaryimage"},"image":{"@id":"https:\/\/kleingarten-bdf.at\/index.php\/bauen\/#primaryimage"},"thumbnailUrl":"https:\/\/kleingarten-bdf.at\/wp-content\/uploads\/2025\/02\/Landschaftsbau.png","datePublished":"2025-02-02T09:31:13+00:00","dateModified":"2025-02-21T09:47:04+00:00","breadcrumb":{"@id":"https:\/\/kleingarten-bdf.at\/index.php\/bauen\/#breadcrumb"},"inLanguage":"de","potentialAction":[{"@type":"ReadAction","target":["https:\/\/kleingarten-bdf.at\/index.php\/bauen\/"]}]},{"@type":"ImageObject","inLanguage":"de","@id":"https:\/\/kleingarten-bdf.at\/index.php\/bauen\/#primaryimage","url":"https:\/\/kleingarten-bdf.at\/wp-content\/uploads\/2025\/02\/Landschaftsbau.png","contentUrl":"https:\/\/kleingarten-bdf.at\/wp-content\/uploads\/2025\/02\/Landschaftsbau.png","width":612,"height":408},{"@type":"BreadcrumbList","@id":"https:\/\/kleingarten-bdf.at\/index.php\/bauen\/#breadcrumb","itemListElement":[{"@type":"ListItem","position":1,"name":"Startseite","item":"https:\/\/kleingarten-bdf.at\/"},{"@type":"ListItem","position":2,"name":"Bauen"}]},{"@type":"WebSite","@id":"https:\/\/kleingarten-bdf.at\/#website","url":"https:\/\/kleingarten-bdf.at\/","name":"Kleingartenverein Biedermannsdorf","description":"","publisher":{"@id":"https:\/\/kleingarten-bdf.at\/#organization"},"potentialAction":[{"@type":"SearchAction","target":{"@type":"EntryPoint","urlTemplate":"https:\/\/kleingarten-bdf.at\/?s={search_term_string}"},"query-input":{"@type":"PropertyValueSpecification","valueRequired":true,"valueName":"search_term_string"}}],"inLanguage":"de"},{"@type":"Organization","@id":"https:\/\/kleingarten-bdf.at\/#organization","name":"Kleingartenverein Biedermannsdorf","url":"https:\/\/kleingarten-bdf.at\/","logo":{"@type":"ImageObject","inLanguage":"de","@id":"https:\/\/kleingarten-bdf.at\/#\/schema\/logo\/image\/","url":"https:\/\/kleingarten-bdf.at\/wp-content\/uploads\/2025\/02\/cropped-lilie-2.png","contentUrl":"https:\/\/kleingarten-bdf.at\/wp-content\/uploads\/2025\/02\/cropped-lilie-2.png","width":245,"height":245,"caption":"Kleingartenverein Biedermannsdorf"},"image":{"@id":"https:\/\/kleingarten-bdf.at\/#\/schema\/logo\/image\/"}}]}},"uagb_featured_image_src":{"full":false,"thumbnail":false,"medium":false,"medium_large":false,"large":false,"1536x1536":false,"2048x2048":false},"uagb_author_info":{"display_name":"admin","author_link":"https:\/\/kleingarten-bdf.at\/index.php\/author\/admin_garten\/"},"uagb_comment_info":0,"uagb_excerpt":"Informationen f\u00fcr Bauvorhaben in der Kleingartenanlage Die folgenden Informationen richten sich an alle Kleingartenp\u00e4chter in Biedermannsdorf, auf deren Grundst\u00fccken die Marktgemeinde Biedermannsdorf als Generalp\u00e4chter fungiert. Die nachstehenden Informationen bieten eine...","_links":{"self":[{"href":"https:\/\/kleingarten-bdf.at\/index.php\/wp-json\/wp\/v2\/pages\/164","targetHints":{"allow":["GET"]}}],"collection":[{"href":"https:\/\/kleingarten-bdf.at\/index.php\/wp-json\/wp\/v2\/pages"}],"about":[{"href":"https:\/\/kleingarten-bdf.at\/index.php\/wp-json\/wp\/v2\/types\/page"}],"author":[{"embeddable":true,"href":"https:\/\/kleingarten-bdf.at\/index.php\/wp-json\/wp\/v2\/users\/1"}],"replies":[{"embeddable":true,"href":"https:\/\/kleingarten-bdf.at\/index.php\/wp-json\/wp\/v2\/comments?post=164"}],"version-history":[{"count":6,"href":"https:\/\/kleingarten-bdf.at\/index.php\/wp-json\/wp\/v2\/pages\/164\/revisions"}],"predecessor-version":[{"id":468,"href":"https:\/\/kleingarten-bdf.at\/index.php\/wp-json\/wp\/v2\/pages\/164\/revisions\/468"}],"wp:attachment":[{"href":"https:\/\/kleingarten-bdf.at\/index.php\/wp-json\/wp\/v2\/media?parent=164"}],"curies":[{"name":"wp","href":"https:\/\/api.w.org\/{rel}","templated":true}]}}