{"id":64,"date":"2025-02-01T06:43:00","date_gmt":"2025-02-01T06:43:00","guid":{"rendered":"https:\/\/kleingarten-bdf.at\/?page_id=64"},"modified":"2025-02-21T15:58:15","modified_gmt":"2025-02-21T15:58:15","slug":"geraeteschuppen","status":"publish","type":"page","link":"https:\/\/kleingarten-bdf.at\/index.php\/geraeteschuppen\/","title":{"rendered":"Ger\u00e4teschuppen"},"content":{"rendered":"<div class=\"wp-block-image\">\n<figure class=\"alignright size-full is-resized\"><img loading=\"lazy\" decoding=\"async\" width=\"780\" height=\"585\" src=\"https:\/\/kleingarten-bdf.at\/wp-content\/uploads\/2025\/02\/geraetehaus.png\" alt=\"\" class=\"wp-image-453\" style=\"width:370px;height:auto\" srcset=\"https:\/\/kleingarten-bdf.at\/wp-content\/uploads\/2025\/02\/geraetehaus.png 780w, https:\/\/kleingarten-bdf.at\/wp-content\/uploads\/2025\/02\/geraetehaus-768x576.png 768w\" sizes=\"auto, (max-width: 780px) 100vw, 780px\" \/><\/figure>\n<\/div>\n\n\n<h2 class=\"wp-block-heading\">Informationen <strong>Ger\u00e4teschuppen <\/strong><\/h2>\n\n\n\n<p>Nebengeb\u00e4ude sind nicht zul\u00e4ssig, ausgenommen eine nicht unterkellerte Ger\u00e4teh\u00fctte mit einer bebauten Fl\u00e4che von maximal 6 m\u00b2 und einer Geb\u00e4udeh\u00f6he von maximal 2,50 m, die, sofern sie direkt an die Kleingartenh\u00fctte angebaut wird, keinen Durchgang in die Kleingartenh\u00fctte aufweisen darf, oder ein Gew\u00e4chshaus mit den gleichen Ausma\u00dfen.<\/p>\n","protected":false},"excerpt":{"rendered":"<p>Informationen Ger\u00e4teschuppen Nebengeb\u00e4ude sind nicht zul\u00e4ssig, ausgenommen eine nicht unterkellerte Ger\u00e4teh\u00fctte mit einer bebauten Fl\u00e4che von maximal 6 m\u00b2 und einer Geb\u00e4udeh\u00f6he von maximal 2,50 m, die, sofern sie direkt&#8230;<\/p>\n","protected":false},"author":1,"featured_media":0,"parent":0,"menu_order":0,"comment_status":"closed","ping_status":"closed","template":"","meta":{"_uag_custom_page_level_css":"","_kad_post_transparent":"","_kad_post_title":"","_kad_post_layout":"","_kad_post_sidebar_id":"","_kad_post_content_style":"","_kad_post_vertical_padding":"","_kad_post_feature":"","_kad_post_feature_position":"","_kad_post_header":false,"_kad_post_footer":false,"_kad_post_classname":"","footnotes":""},"class_list":["post-64","page","type-page","status-publish","hentry"],"yoast_head":"<!-- This site is optimized with the Yoast SEO plugin v27.5 - https:\/\/yoast.com\/product\/yoast-seo-wordpress\/ -->\n<title>Ger\u00e4teschuppen - Kleingartenverein Biedermannsdorf<\/title>\n<meta name=\"robots\" content=\"index, follow, max-snippet:-1, max-image-preview:large, max-video-preview:-1\" \/>\n<link rel=\"canonical\" href=\"https:\/\/kleingarten-bdf.at\/index.php\/geraeteschuppen\/\" \/>\n<meta property=\"og:locale\" content=\"de_DE\" \/>\n<meta property=\"og:type\" content=\"article\" \/>\n<meta property=\"og:title\" content=\"Ger\u00e4teschuppen - Kleingartenverein Biedermannsdorf\" \/>\n<meta property=\"og:description\" content=\"Informationen Ger\u00e4teschuppen Nebengeb\u00e4ude sind nicht zul\u00e4ssig, ausgenommen eine nicht unterkellerte Ger\u00e4teh\u00fctte mit einer bebauten Fl\u00e4che von maximal 6 m\u00b2 und einer Geb\u00e4udeh\u00f6he von maximal 2,50 m, die, sofern sie direkt...\" \/>\n<meta property=\"og:url\" content=\"https:\/\/kleingarten-bdf.at\/index.php\/geraeteschuppen\/\" \/>\n<meta property=\"og:site_name\" content=\"Kleingartenverein Biedermannsdorf\" \/>\n<meta property=\"article:modified_time\" content=\"2025-02-21T15:58:15+00:00\" \/>\n<meta property=\"og:image\" content=\"https:\/\/kleingarten-bdf.at\/wp-content\/uploads\/2025\/02\/geraetehaus.png\" \/>\n\t<meta property=\"og:image:width\" content=\"780\" \/>\n\t<meta property=\"og:image:height\" content=\"585\" \/>\n\t<meta property=\"og:image:type\" content=\"image\/png\" \/>\n<meta name=\"twitter:card\" content=\"summary_large_image\" \/>\n<meta name=\"twitter:label1\" content=\"Gesch\u00e4tzte Lesezeit\" \/>\n\t<meta name=\"twitter:data1\" content=\"1\u00a0Minute\" \/>\n<script type=\"application\/ld+json\" class=\"yoast-schema-graph\">{\"@context\":\"https:\\\/\\\/schema.org\",\"@graph\":[{\"@type\":\"WebPage\",\"@id\":\"https:\\\/\\\/kleingarten-bdf.at\\\/index.php\\\/geraeteschuppen\\\/\",\"url\":\"https:\\\/\\\/kleingarten-bdf.at\\\/index.php\\\/geraeteschuppen\\\/\",\"name\":\"Ger\u00e4teschuppen - Kleingartenverein Biedermannsdorf\",\"isPartOf\":{\"@id\":\"https:\\\/\\\/kleingarten-bdf.at\\\/#website\"},\"primaryImageOfPage\":{\"@id\":\"https:\\\/\\\/kleingarten-bdf.at\\\/index.php\\\/geraeteschuppen\\\/#primaryimage\"},\"image\":{\"@id\":\"https:\\\/\\\/kleingarten-bdf.at\\\/index.php\\\/geraeteschuppen\\\/#primaryimage\"},\"thumbnailUrl\":\"https:\\\/\\\/kleingarten-bdf.at\\\/wp-content\\\/uploads\\\/2025\\\/02\\\/geraetehaus.png\",\"datePublished\":\"2025-02-01T06:43:00+00:00\",\"dateModified\":\"2025-02-21T15:58:15+00:00\",\"breadcrumb\":{\"@id\":\"https:\\\/\\\/kleingarten-bdf.at\\\/index.php\\\/geraeteschuppen\\\/#breadcrumb\"},\"inLanguage\":\"de\",\"potentialAction\":[{\"@type\":\"ReadAction\",\"target\":[\"https:\\\/\\\/kleingarten-bdf.at\\\/index.php\\\/geraeteschuppen\\\/\"]}]},{\"@type\":\"ImageObject\",\"inLanguage\":\"de\",\"@id\":\"https:\\\/\\\/kleingarten-bdf.at\\\/index.php\\\/geraeteschuppen\\\/#primaryimage\",\"url\":\"https:\\\/\\\/kleingarten-bdf.at\\\/wp-content\\\/uploads\\\/2025\\\/02\\\/geraetehaus.png\",\"contentUrl\":\"https:\\\/\\\/kleingarten-bdf.at\\\/wp-content\\\/uploads\\\/2025\\\/02\\\/geraetehaus.png\",\"width\":780,\"height\":585},{\"@type\":\"BreadcrumbList\",\"@id\":\"https:\\\/\\\/kleingarten-bdf.at\\\/index.php\\\/geraeteschuppen\\\/#breadcrumb\",\"itemListElement\":[{\"@type\":\"ListItem\",\"position\":1,\"name\":\"Startseite\",\"item\":\"https:\\\/\\\/kleingarten-bdf.at\\\/\"},{\"@type\":\"ListItem\",\"position\":2,\"name\":\"Ger\u00e4teschuppen\"}]},{\"@type\":\"WebSite\",\"@id\":\"https:\\\/\\\/kleingarten-bdf.at\\\/#website\",\"url\":\"https:\\\/\\\/kleingarten-bdf.at\\\/\",\"name\":\"Kleingartenverein Biedermannsdorf\",\"description\":\"\",\"publisher\":{\"@id\":\"https:\\\/\\\/kleingarten-bdf.at\\\/#organization\"},\"potentialAction\":[{\"@type\":\"SearchAction\",\"target\":{\"@type\":\"EntryPoint\",\"urlTemplate\":\"https:\\\/\\\/kleingarten-bdf.at\\\/?s={search_term_string}\"},\"query-input\":{\"@type\":\"PropertyValueSpecification\",\"valueRequired\":true,\"valueName\":\"search_term_string\"}}],\"inLanguage\":\"de\"},{\"@type\":\"Organization\",\"@id\":\"https:\\\/\\\/kleingarten-bdf.at\\\/#organization\",\"name\":\"Kleingartenverein Biedermannsdorf\",\"url\":\"https:\\\/\\\/kleingarten-bdf.at\\\/\",\"logo\":{\"@type\":\"ImageObject\",\"inLanguage\":\"de\",\"@id\":\"https:\\\/\\\/kleingarten-bdf.at\\\/#\\\/schema\\\/logo\\\/image\\\/\",\"url\":\"https:\\\/\\\/kleingarten-bdf.at\\\/wp-content\\\/uploads\\\/2025\\\/02\\\/cropped-lilie-2.png\",\"contentUrl\":\"https:\\\/\\\/kleingarten-bdf.at\\\/wp-content\\\/uploads\\\/2025\\\/02\\\/cropped-lilie-2.png\",\"width\":245,\"height\":245,\"caption\":\"Kleingartenverein Biedermannsdorf\"},\"image\":{\"@id\":\"https:\\\/\\\/kleingarten-bdf.at\\\/#\\\/schema\\\/logo\\\/image\\\/\"}}]}<\/script>\n<!-- \/ Yoast SEO plugin. -->","yoast_head_json":{"title":"Ger\u00e4teschuppen - Kleingartenverein Biedermannsdorf","robots":{"index":"index","follow":"follow","max-snippet":"max-snippet:-1","max-image-preview":"max-image-preview:large","max-video-preview":"max-video-preview:-1"},"canonical":"https:\/\/kleingarten-bdf.at\/index.php\/geraeteschuppen\/","og_locale":"de_DE","og_type":"article","og_title":"Ger\u00e4teschuppen - Kleingartenverein Biedermannsdorf","og_description":"Informationen Ger\u00e4teschuppen Nebengeb\u00e4ude sind nicht zul\u00e4ssig, ausgenommen eine nicht unterkellerte Ger\u00e4teh\u00fctte mit einer bebauten Fl\u00e4che von maximal 6 m\u00b2 und einer Geb\u00e4udeh\u00f6he von maximal 2,50 m, die, sofern sie direkt...","og_url":"https:\/\/kleingarten-bdf.at\/index.php\/geraeteschuppen\/","og_site_name":"Kleingartenverein Biedermannsdorf","article_modified_time":"2025-02-21T15:58:15+00:00","og_image":[{"width":780,"height":585,"url":"https:\/\/kleingarten-bdf.at\/wp-content\/uploads\/2025\/02\/geraetehaus.png","type":"image\/png"}],"twitter_card":"summary_large_image","twitter_misc":{"Gesch\u00e4tzte Lesezeit":"1\u00a0Minute"},"schema":{"@context":"https:\/\/schema.org","@graph":[{"@type":"WebPage","@id":"https:\/\/kleingarten-bdf.at\/index.php\/geraeteschuppen\/","url":"https:\/\/kleingarten-bdf.at\/index.php\/geraeteschuppen\/","name":"Ger\u00e4teschuppen - Kleingartenverein Biedermannsdorf","isPartOf":{"@id":"https:\/\/kleingarten-bdf.at\/#website"},"primaryImageOfPage":{"@id":"https:\/\/kleingarten-bdf.at\/index.php\/geraeteschuppen\/#primaryimage"},"image":{"@id":"https:\/\/kleingarten-bdf.at\/index.php\/geraeteschuppen\/#primaryimage"},"thumbnailUrl":"https:\/\/kleingarten-bdf.at\/wp-content\/uploads\/2025\/02\/geraetehaus.png","datePublished":"2025-02-01T06:43:00+00:00","dateModified":"2025-02-21T15:58:15+00:00","breadcrumb":{"@id":"https:\/\/kleingarten-bdf.at\/index.php\/geraeteschuppen\/#breadcrumb"},"inLanguage":"de","potentialAction":[{"@type":"ReadAction","target":["https:\/\/kleingarten-bdf.at\/index.php\/geraeteschuppen\/"]}]},{"@type":"ImageObject","inLanguage":"de","@id":"https:\/\/kleingarten-bdf.at\/index.php\/geraeteschuppen\/#primaryimage","url":"https:\/\/kleingarten-bdf.at\/wp-content\/uploads\/2025\/02\/geraetehaus.png","contentUrl":"https:\/\/kleingarten-bdf.at\/wp-content\/uploads\/2025\/02\/geraetehaus.png","width":780,"height":585},{"@type":"BreadcrumbList","@id":"https:\/\/kleingarten-bdf.at\/index.php\/geraeteschuppen\/#breadcrumb","itemListElement":[{"@type":"ListItem","position":1,"name":"Startseite","item":"https:\/\/kleingarten-bdf.at\/"},{"@type":"ListItem","position":2,"name":"Ger\u00e4teschuppen"}]},{"@type":"WebSite","@id":"https:\/\/kleingarten-bdf.at\/#website","url":"https:\/\/kleingarten-bdf.at\/","name":"Kleingartenverein Biedermannsdorf","description":"","publisher":{"@id":"https:\/\/kleingarten-bdf.at\/#organization"},"potentialAction":[{"@type":"SearchAction","target":{"@type":"EntryPoint","urlTemplate":"https:\/\/kleingarten-bdf.at\/?s={search_term_string}"},"query-input":{"@type":"PropertyValueSpecification","valueRequired":true,"valueName":"search_term_string"}}],"inLanguage":"de"},{"@type":"Organization","@id":"https:\/\/kleingarten-bdf.at\/#organization","name":"Kleingartenverein Biedermannsdorf","url":"https:\/\/kleingarten-bdf.at\/","logo":{"@type":"ImageObject","inLanguage":"de","@id":"https:\/\/kleingarten-bdf.at\/#\/schema\/logo\/image\/","url":"https:\/\/kleingarten-bdf.at\/wp-content\/uploads\/2025\/02\/cropped-lilie-2.png","contentUrl":"https:\/\/kleingarten-bdf.at\/wp-content\/uploads\/2025\/02\/cropped-lilie-2.png","width":245,"height":245,"caption":"Kleingartenverein Biedermannsdorf"},"image":{"@id":"https:\/\/kleingarten-bdf.at\/#\/schema\/logo\/image\/"}}]}},"uagb_featured_image_src":{"full":false,"thumbnail":false,"medium":false,"medium_large":false,"large":false,"1536x1536":false,"2048x2048":false},"uagb_author_info":{"display_name":"admin","author_link":"https:\/\/kleingarten-bdf.at\/index.php\/author\/admin_garten\/"},"uagb_comment_info":0,"uagb_excerpt":"Informationen Ger\u00e4teschuppen Nebengeb\u00e4ude sind nicht zul\u00e4ssig, ausgenommen eine nicht unterkellerte Ger\u00e4teh\u00fctte mit einer bebauten Fl\u00e4che von maximal 6 m\u00b2 und einer Geb\u00e4udeh\u00f6he von maximal 2,50 m, die, sofern sie direkt...","_links":{"self":[{"href":"https:\/\/kleingarten-bdf.at\/index.php\/wp-json\/wp\/v2\/pages\/64","targetHints":{"allow":["GET"]}}],"collection":[{"href":"https:\/\/kleingarten-bdf.at\/index.php\/wp-json\/wp\/v2\/pages"}],"about":[{"href":"https:\/\/kleingarten-bdf.at\/index.php\/wp-json\/wp\/v2\/types\/page"}],"author":[{"embeddable":true,"href":"https:\/\/kleingarten-bdf.at\/index.php\/wp-json\/wp\/v2\/users\/1"}],"replies":[{"embeddable":true,"href":"https:\/\/kleingarten-bdf.at\/index.php\/wp-json\/wp\/v2\/comments?post=64"}],"version-history":[{"count":3,"href":"https:\/\/kleingarten-bdf.at\/index.php\/wp-json\/wp\/v2\/pages\/64\/revisions"}],"predecessor-version":[{"id":612,"href":"https:\/\/kleingarten-bdf.at\/index.php\/wp-json\/wp\/v2\/pages\/64\/revisions\/612"}],"wp:attachment":[{"href":"https:\/\/kleingarten-bdf.at\/index.php\/wp-json\/wp\/v2\/media?parent=64"}],"curies":[{"name":"wp","href":"https:\/\/api.w.org\/{rel}","templated":true}]}}

Geräteschuppen

<div class="wp-block-image">
<figure class="alignright size-full is-resized"><img loading="lazy" decoding="async" width="780" height="585" src="https://kleingarten-bdf.at/wp-content/uploads/2025/02/geraetehaus.png" alt="" class="wp-image-453" style="width:370px;height:auto" srcset="https://kleingarten-bdf.at/wp-content/uploads/2025/02/geraetehaus.png 780w, https://kleingarten-bdf.at/wp-content/uploads/2025/02/geraetehaus-768x576.png 768w" sizes="auto, (max-width: 780px) 100vw, 780px" /></figure>
</div>


<h2 class="wp-block-heading">Informationen <strong>Geräteschuppen </strong></h2>



<p>Nebengebäude sind nicht zulässig, ausgenommen eine nicht unterkellerte Gerätehütte mit einer bebauten Fläche von maximal 6 m² und einer Gebäudehöhe von maximal 2,50 m, die, sofern sie direkt an die Kleingartenhütte angebaut wird, keinen Durchgang in die Kleingartenhütte aufweisen darf, oder ein Gewächshaus mit den gleichen Ausmaßen.</p>

<p>Informationen Geräteschuppen Nebengebäude sind nicht zulässig, ausgenommen eine nicht unterkellerte Gerätehütte mit einer bebauten Fläche von maximal 6 m² und einer Gebäudehöhe von maximal 2,50 m, die, sofern sie direkt&#8230;</p>

<!-- This site is optimized with the Yoast SEO plugin v27.5 - https://yoast.com/product/yoast-seo-wordpress/ -->
<title>Geräteschuppen - Kleingartenverein Biedermannsdorf</title>
<meta name="robots" content="index, follow, max-snippet:-1, max-image-preview:large, max-video-preview:-1" />
<link rel="canonical" href="https://kleingarten-bdf.at/index.php/geraeteschuppen/" />
<meta property="og:locale" content="de_DE" />
<meta property="og:type" content="article" />
<meta property="og:title" content="Geräteschuppen - Kleingartenverein Biedermannsdorf" />
<meta property="og:description" content="Informationen Geräteschuppen Nebengebäude sind nicht zulässig, ausgenommen eine nicht unterkellerte Gerätehütte mit einer bebauten Fläche von maximal 6 m² und einer Gebäudehöhe von maximal 2,50 m, die, sofern sie direkt..." />
<meta property="og:url" content="https://kleingarten-bdf.at/index.php/geraeteschuppen/" />
<meta property="og:site_name" content="Kleingartenverein Biedermannsdorf" />
<meta property="article:modified_time" content="2025-02-21T15:58:15+00:00" />
<meta property="og:image" content="https://kleingarten-bdf.at/wp-content/uploads/2025/02/geraetehaus.png" />
	<meta property="og:image:width" content="780" />
	<meta property="og:image:height" content="585" />
	<meta property="og:image:type" content="image/png" />
<meta name="twitter:card" content="summary_large_image" />
<meta name="twitter:label1" content="Geschätzte Lesezeit" />
	<meta name="twitter:data1" content="1 Minute" />
<script type="application/ld+json" class="yoast-schema-graph">{"@context":"https:\/\/schema.org","@graph":[{"@type":"WebPage","@id":"https:\/\/kleingarten-bdf.at\/index.php\/geraeteschuppen\/","url":"https:\/\/kleingarten-bdf.at\/index.php\/geraeteschuppen\/","name":"Geräteschuppen - Kleingartenverein Biedermannsdorf","isPartOf":{"@id":"https:\/\/kleingarten-bdf.at\/#website"},"primaryImageOfPage":{"@id":"https:\/\/kleingarten-bdf.at\/index.php\/geraeteschuppen\/#primaryimage"},"image":{"@id":"https:\/\/kleingarten-bdf.at\/index.php\/geraeteschuppen\/#primaryimage"},"thumbnailUrl":"https:\/\/kleingarten-bdf.at\/wp-content\/uploads\/2025\/02\/geraetehaus.png","datePublished":"2025-02-01T06:43:00+00:00","dateModified":"2025-02-21T15:58:15+00:00","breadcrumb":{"@id":"https:\/\/kleingarten-bdf.at\/index.php\/geraeteschuppen\/#breadcrumb"},"inLanguage":"de","potentialAction":[{"@type":"ReadAction","target":["https:\/\/kleingarten-bdf.at\/index.php\/geraeteschuppen\/"]}]},{"@type":"ImageObject","inLanguage":"de","@id":"https:\/\/kleingarten-bdf.at\/index.php\/geraeteschuppen\/#primaryimage","url":"https:\/\/kleingarten-bdf.at\/wp-content\/uploads\/2025\/02\/geraetehaus.png","contentUrl":"https:\/\/kleingarten-bdf.at\/wp-content\/uploads\/2025\/02\/geraetehaus.png","width":780,"height":585},{"@type":"BreadcrumbList","@id":"https:\/\/kleingarten-bdf.at\/index.php\/geraeteschuppen\/#breadcrumb","itemListElement":[{"@type":"ListItem","position":1,"name":"Startseite","item":"https:\/\/kleingarten-bdf.at\/"},{"@type":"ListItem","position":2,"name":"Geräteschuppen"}]},{"@type":"WebSite","@id":"https:\/\/kleingarten-bdf.at\/#website","url":"https:\/\/kleingarten-bdf.at\/","name":"Kleingartenverein Biedermannsdorf","description":"","publisher":{"@id":"https:\/\/kleingarten-bdf.at\/#organization"},"potentialAction":[{"@type":"SearchAction","target":{"@type":"EntryPoint","urlTemplate":"https:\/\/kleingarten-bdf.at\/?s={search_term_string}"},"query-input":{"@type":"PropertyValueSpecification","valueRequired":true,"valueName":"search_term_string"}}],"inLanguage":"de"},{"@type":"Organization","@id":"https:\/\/kleingarten-bdf.at\/#organization","name":"Kleingartenverein Biedermannsdorf","url":"https:\/\/kleingarten-bdf.at\/","logo":{"@type":"ImageObject","inLanguage":"de","@id":"https:\/\/kleingarten-bdf.at\/#\/schema\/logo\/image\/","url":"https:\/\/kleingarten-bdf.at\/wp-content\/uploads\/2025\/02\/cropped-lilie-2.png","contentUrl":"https:\/\/kleingarten-bdf.at\/wp-content\/uploads\/2025\/02\/cropped-lilie-2.png","width":245,"height":245,"caption":"Kleingartenverein Biedermannsdorf"},"image":{"@id":"https:\/\/kleingarten-bdf.at\/#\/schema\/logo\/image\/"}}]}</script>
<!-- / Yoast SEO plugin. -->

Geräteschuppen - Kleingartenverein Biedermannsdorf

Informationen Geräteschuppen Nebengebäude sind nicht zulässig, ausgenommen eine nicht unterkellerte Gerätehütte mit einer bebauten Fläche von maximal 6 m² und einer Gebäudehöhe von maximal 2,50 m, die, sofern sie direkt...
