{"id":72,"date":"2025-02-01T06:44:17","date_gmt":"2025-02-01T06:44:17","guid":{"rendered":"https:\/\/kleingarten-bdf.at\/?page_id=72"},"modified":"2025-02-21T10:08:08","modified_gmt":"2025-02-21T10:08:08","slug":"windrad","status":"publish","type":"page","link":"https:\/\/kleingarten-bdf.at\/index.php\/windrad\/","title":{"rendered":"Windrad"},"content":{"rendered":"<div class=\"wp-block-image\">\n<figure class=\"alignright size-full is-resized\"><img loading=\"lazy\" decoding=\"async\" width=\"595\" height=\"340\" src=\"https:\/\/kleingarten-bdf.at\/wp-content\/uploads\/2025\/02\/wind.png\" alt=\"\" class=\"wp-image-473\" style=\"width:370px;height:auto\" srcset=\"https:\/\/kleingarten-bdf.at\/wp-content\/uploads\/2025\/02\/wind.png 595w, https:\/\/kleingarten-bdf.at\/wp-content\/uploads\/2025\/02\/wind-768x438.png 768w\" sizes=\"auto, (max-width: 595px) 100vw, 595px\" \/><\/figure>\n<\/div>\n\n\n<h2 class=\"wp-block-heading\">Informationen f\u00fcr Aufstellung eines Windrades<\/h2>\n\n\n\n<p>Die Errichtung einer <strong>Windkraftanlage<\/strong> in einem <strong>Kleingartenverein<\/strong> in Nieder\u00f6sterreich unterliegt mehreren rechtlichen und technischen Einschr\u00e4nkungen. Hier sind die wichtigsten Punkte, die Sie beachten m\u00fcssen:<\/p>\n\n\n\n<ul class=\"wp-block-list\">\n<li>Nieder\u00f6sterreichische Bauordnung (N\u00d6 BO 2014)<\/li>\n\n\n\n<li>Nieder\u00f6sterreichisches Elektrizit\u00e4tswesengesetz (N\u00d6 ElWG 2005)<\/li>\n\n\n\n<li>Kleingartengesetz &amp; Gartenordnung<\/li>\n\n\n\n<li>Umwelt- &amp; Nachbarschaftsaspekte<\/li>\n<\/ul>\n\n\n\n<p>Eine Windkraftanlage im Kleingartenverein <strong>ist schwer umsetzbar<\/strong> und erfordert fast immer eine <strong>baurechtliche Genehmigung sowie die Zustimmung des Vereins<\/strong>. Bevor Sie investieren, sollten Sie mit:<\/p>\n\n\n\n<ul class=\"wp-block-list\">\n<li><strong>Bauamt<\/strong> \u2013 wegen Genehmigungspflichten,<\/li>\n\n\n\n<li><strong>Kleingartenverein<\/strong> \u2013 wegen interner Regeln,<\/li>\n\n\n\n<li><strong>Nachbarn<\/strong> \u2013 wegen potenzieller Beschwerden sprechen.<\/li>\n<\/ul>\n\n\n\n<p><\/p>\n","protected":false},"excerpt":{"rendered":"<p>Informationen f\u00fcr Aufstellung eines Windrades Die Errichtung einer Windkraftanlage in einem Kleingartenverein in Nieder\u00f6sterreich unterliegt mehreren rechtlichen und technischen Einschr\u00e4nkungen. Hier sind die wichtigsten Punkte, die Sie beachten m\u00fcssen: Eine&#8230;<\/p>\n","protected":false},"author":1,"featured_media":0,"parent":0,"menu_order":0,"comment_status":"closed","ping_status":"closed","template":"","meta":{"_uag_custom_page_level_css":"","_kad_post_transparent":"","_kad_post_title":"","_kad_post_layout":"","_kad_post_sidebar_id":"","_kad_post_content_style":"","_kad_post_vertical_padding":"","_kad_post_feature":"","_kad_post_feature_position":"","_kad_post_header":false,"_kad_post_footer":false,"_kad_post_classname":"","footnotes":""},"class_list":["post-72","page","type-page","status-publish","hentry"],"yoast_head":"<!-- This site is optimized with the Yoast SEO plugin v27.5 - https:\/\/yoast.com\/product\/yoast-seo-wordpress\/ -->\n<title>Windrad - Kleingartenverein Biedermannsdorf<\/title>\n<meta name=\"robots\" content=\"index, follow, max-snippet:-1, max-image-preview:large, max-video-preview:-1\" \/>\n<link rel=\"canonical\" href=\"https:\/\/kleingarten-bdf.at\/index.php\/windrad\/\" \/>\n<meta property=\"og:locale\" content=\"de_DE\" \/>\n<meta property=\"og:type\" content=\"article\" \/>\n<meta property=\"og:title\" content=\"Windrad - Kleingartenverein Biedermannsdorf\" \/>\n<meta property=\"og:description\" content=\"Informationen f\u00fcr Aufstellung eines Windrades Die Errichtung einer Windkraftanlage in einem Kleingartenverein in Nieder\u00f6sterreich unterliegt mehreren rechtlichen und technischen Einschr\u00e4nkungen. Hier sind die wichtigsten Punkte, die Sie beachten m\u00fcssen: Eine...\" \/>\n<meta property=\"og:url\" content=\"https:\/\/kleingarten-bdf.at\/index.php\/windrad\/\" \/>\n<meta property=\"og:site_name\" content=\"Kleingartenverein Biedermannsdorf\" \/>\n<meta property=\"article:modified_time\" content=\"2025-02-21T10:08:08+00:00\" \/>\n<meta property=\"og:image\" content=\"https:\/\/kleingarten-bdf.at\/wp-content\/uploads\/2025\/02\/wind.png\" \/>\n\t<meta property=\"og:image:width\" content=\"595\" \/>\n\t<meta property=\"og:image:height\" content=\"340\" \/>\n\t<meta property=\"og:image:type\" content=\"image\/png\" \/>\n<meta name=\"twitter:card\" content=\"summary_large_image\" \/>\n<meta name=\"twitter:label1\" content=\"Gesch\u00e4tzte Lesezeit\" \/>\n\t<meta name=\"twitter:data1\" content=\"1\u00a0Minute\" \/>\n<script type=\"application\/ld+json\" class=\"yoast-schema-graph\">{\"@context\":\"https:\\\/\\\/schema.org\",\"@graph\":[{\"@type\":\"WebPage\",\"@id\":\"https:\\\/\\\/kleingarten-bdf.at\\\/index.php\\\/windrad\\\/\",\"url\":\"https:\\\/\\\/kleingarten-bdf.at\\\/index.php\\\/windrad\\\/\",\"name\":\"Windrad - Kleingartenverein Biedermannsdorf\",\"isPartOf\":{\"@id\":\"https:\\\/\\\/kleingarten-bdf.at\\\/#website\"},\"primaryImageOfPage\":{\"@id\":\"https:\\\/\\\/kleingarten-bdf.at\\\/index.php\\\/windrad\\\/#primaryimage\"},\"image\":{\"@id\":\"https:\\\/\\\/kleingarten-bdf.at\\\/index.php\\\/windrad\\\/#primaryimage\"},\"thumbnailUrl\":\"https:\\\/\\\/kleingarten-bdf.at\\\/wp-content\\\/uploads\\\/2025\\\/02\\\/wind.png\",\"datePublished\":\"2025-02-01T06:44:17+00:00\",\"dateModified\":\"2025-02-21T10:08:08+00:00\",\"breadcrumb\":{\"@id\":\"https:\\\/\\\/kleingarten-bdf.at\\\/index.php\\\/windrad\\\/#breadcrumb\"},\"inLanguage\":\"de\",\"potentialAction\":[{\"@type\":\"ReadAction\",\"target\":[\"https:\\\/\\\/kleingarten-bdf.at\\\/index.php\\\/windrad\\\/\"]}]},{\"@type\":\"ImageObject\",\"inLanguage\":\"de\",\"@id\":\"https:\\\/\\\/kleingarten-bdf.at\\\/index.php\\\/windrad\\\/#primaryimage\",\"url\":\"https:\\\/\\\/kleingarten-bdf.at\\\/wp-content\\\/uploads\\\/2025\\\/02\\\/wind.png\",\"contentUrl\":\"https:\\\/\\\/kleingarten-bdf.at\\\/wp-content\\\/uploads\\\/2025\\\/02\\\/wind.png\",\"width\":595,\"height\":340},{\"@type\":\"BreadcrumbList\",\"@id\":\"https:\\\/\\\/kleingarten-bdf.at\\\/index.php\\\/windrad\\\/#breadcrumb\",\"itemListElement\":[{\"@type\":\"ListItem\",\"position\":1,\"name\":\"Startseite\",\"item\":\"https:\\\/\\\/kleingarten-bdf.at\\\/\"},{\"@type\":\"ListItem\",\"position\":2,\"name\":\"Windrad\"}]},{\"@type\":\"WebSite\",\"@id\":\"https:\\\/\\\/kleingarten-bdf.at\\\/#website\",\"url\":\"https:\\\/\\\/kleingarten-bdf.at\\\/\",\"name\":\"Kleingartenverein Biedermannsdorf\",\"description\":\"\",\"publisher\":{\"@id\":\"https:\\\/\\\/kleingarten-bdf.at\\\/#organization\"},\"potentialAction\":[{\"@type\":\"SearchAction\",\"target\":{\"@type\":\"EntryPoint\",\"urlTemplate\":\"https:\\\/\\\/kleingarten-bdf.at\\\/?s={search_term_string}\"},\"query-input\":{\"@type\":\"PropertyValueSpecification\",\"valueRequired\":true,\"valueName\":\"search_term_string\"}}],\"inLanguage\":\"de\"},{\"@type\":\"Organization\",\"@id\":\"https:\\\/\\\/kleingarten-bdf.at\\\/#organization\",\"name\":\"Kleingartenverein Biedermannsdorf\",\"url\":\"https:\\\/\\\/kleingarten-bdf.at\\\/\",\"logo\":{\"@type\":\"ImageObject\",\"inLanguage\":\"de\",\"@id\":\"https:\\\/\\\/kleingarten-bdf.at\\\/#\\\/schema\\\/logo\\\/image\\\/\",\"url\":\"https:\\\/\\\/kleingarten-bdf.at\\\/wp-content\\\/uploads\\\/2025\\\/02\\\/cropped-lilie-2.png\",\"contentUrl\":\"https:\\\/\\\/kleingarten-bdf.at\\\/wp-content\\\/uploads\\\/2025\\\/02\\\/cropped-lilie-2.png\",\"width\":245,\"height\":245,\"caption\":\"Kleingartenverein Biedermannsdorf\"},\"image\":{\"@id\":\"https:\\\/\\\/kleingarten-bdf.at\\\/#\\\/schema\\\/logo\\\/image\\\/\"}}]}<\/script>\n<!-- \/ Yoast SEO plugin. -->","yoast_head_json":{"title":"Windrad - Kleingartenverein Biedermannsdorf","robots":{"index":"index","follow":"follow","max-snippet":"max-snippet:-1","max-image-preview":"max-image-preview:large","max-video-preview":"max-video-preview:-1"},"canonical":"https:\/\/kleingarten-bdf.at\/index.php\/windrad\/","og_locale":"de_DE","og_type":"article","og_title":"Windrad - Kleingartenverein Biedermannsdorf","og_description":"Informationen f\u00fcr Aufstellung eines Windrades Die Errichtung einer Windkraftanlage in einem Kleingartenverein in Nieder\u00f6sterreich unterliegt mehreren rechtlichen und technischen Einschr\u00e4nkungen. Hier sind die wichtigsten Punkte, die Sie beachten m\u00fcssen: Eine...","og_url":"https:\/\/kleingarten-bdf.at\/index.php\/windrad\/","og_site_name":"Kleingartenverein Biedermannsdorf","article_modified_time":"2025-02-21T10:08:08+00:00","og_image":[{"width":595,"height":340,"url":"https:\/\/kleingarten-bdf.at\/wp-content\/uploads\/2025\/02\/wind.png","type":"image\/png"}],"twitter_card":"summary_large_image","twitter_misc":{"Gesch\u00e4tzte Lesezeit":"1\u00a0Minute"},"schema":{"@context":"https:\/\/schema.org","@graph":[{"@type":"WebPage","@id":"https:\/\/kleingarten-bdf.at\/index.php\/windrad\/","url":"https:\/\/kleingarten-bdf.at\/index.php\/windrad\/","name":"Windrad - Kleingartenverein Biedermannsdorf","isPartOf":{"@id":"https:\/\/kleingarten-bdf.at\/#website"},"primaryImageOfPage":{"@id":"https:\/\/kleingarten-bdf.at\/index.php\/windrad\/#primaryimage"},"image":{"@id":"https:\/\/kleingarten-bdf.at\/index.php\/windrad\/#primaryimage"},"thumbnailUrl":"https:\/\/kleingarten-bdf.at\/wp-content\/uploads\/2025\/02\/wind.png","datePublished":"2025-02-01T06:44:17+00:00","dateModified":"2025-02-21T10:08:08+00:00","breadcrumb":{"@id":"https:\/\/kleingarten-bdf.at\/index.php\/windrad\/#breadcrumb"},"inLanguage":"de","potentialAction":[{"@type":"ReadAction","target":["https:\/\/kleingarten-bdf.at\/index.php\/windrad\/"]}]},{"@type":"ImageObject","inLanguage":"de","@id":"https:\/\/kleingarten-bdf.at\/index.php\/windrad\/#primaryimage","url":"https:\/\/kleingarten-bdf.at\/wp-content\/uploads\/2025\/02\/wind.png","contentUrl":"https:\/\/kleingarten-bdf.at\/wp-content\/uploads\/2025\/02\/wind.png","width":595,"height":340},{"@type":"BreadcrumbList","@id":"https:\/\/kleingarten-bdf.at\/index.php\/windrad\/#breadcrumb","itemListElement":[{"@type":"ListItem","position":1,"name":"Startseite","item":"https:\/\/kleingarten-bdf.at\/"},{"@type":"ListItem","position":2,"name":"Windrad"}]},{"@type":"WebSite","@id":"https:\/\/kleingarten-bdf.at\/#website","url":"https:\/\/kleingarten-bdf.at\/","name":"Kleingartenverein Biedermannsdorf","description":"","publisher":{"@id":"https:\/\/kleingarten-bdf.at\/#organization"},"potentialAction":[{"@type":"SearchAction","target":{"@type":"EntryPoint","urlTemplate":"https:\/\/kleingarten-bdf.at\/?s={search_term_string}"},"query-input":{"@type":"PropertyValueSpecification","valueRequired":true,"valueName":"search_term_string"}}],"inLanguage":"de"},{"@type":"Organization","@id":"https:\/\/kleingarten-bdf.at\/#organization","name":"Kleingartenverein Biedermannsdorf","url":"https:\/\/kleingarten-bdf.at\/","logo":{"@type":"ImageObject","inLanguage":"de","@id":"https:\/\/kleingarten-bdf.at\/#\/schema\/logo\/image\/","url":"https:\/\/kleingarten-bdf.at\/wp-content\/uploads\/2025\/02\/cropped-lilie-2.png","contentUrl":"https:\/\/kleingarten-bdf.at\/wp-content\/uploads\/2025\/02\/cropped-lilie-2.png","width":245,"height":245,"caption":"Kleingartenverein Biedermannsdorf"},"image":{"@id":"https:\/\/kleingarten-bdf.at\/#\/schema\/logo\/image\/"}}]}},"uagb_featured_image_src":{"full":false,"thumbnail":false,"medium":false,"medium_large":false,"large":false,"1536x1536":false,"2048x2048":false},"uagb_author_info":{"display_name":"admin","author_link":"https:\/\/kleingarten-bdf.at\/index.php\/author\/admin_garten\/"},"uagb_comment_info":0,"uagb_excerpt":"Informationen f\u00fcr Aufstellung eines Windrades Die Errichtung einer Windkraftanlage in einem Kleingartenverein in Nieder\u00f6sterreich unterliegt mehreren rechtlichen und technischen Einschr\u00e4nkungen. Hier sind die wichtigsten Punkte, die Sie beachten m\u00fcssen: Eine...","_links":{"self":[{"href":"https:\/\/kleingarten-bdf.at\/index.php\/wp-json\/wp\/v2\/pages\/72","targetHints":{"allow":["GET"]}}],"collection":[{"href":"https:\/\/kleingarten-bdf.at\/index.php\/wp-json\/wp\/v2\/pages"}],"about":[{"href":"https:\/\/kleingarten-bdf.at\/index.php\/wp-json\/wp\/v2\/types\/page"}],"author":[{"embeddable":true,"href":"https:\/\/kleingarten-bdf.at\/index.php\/wp-json\/wp\/v2\/users\/1"}],"replies":[{"embeddable":true,"href":"https:\/\/kleingarten-bdf.at\/index.php\/wp-json\/wp\/v2\/comments?post=72"}],"version-history":[{"count":2,"href":"https:\/\/kleingarten-bdf.at\/index.php\/wp-json\/wp\/v2\/pages\/72\/revisions"}],"predecessor-version":[{"id":474,"href":"https:\/\/kleingarten-bdf.at\/index.php\/wp-json\/wp\/v2\/pages\/72\/revisions\/474"}],"wp:attachment":[{"href":"https:\/\/kleingarten-bdf.at\/index.php\/wp-json\/wp\/v2\/media?parent=72"}],"curies":[{"name":"wp","href":"https:\/\/api.w.org\/{rel}","templated":true}]}}

<div class="wp-block-image">
<figure class="alignright size-full is-resized"><img loading="lazy" decoding="async" width="595" height="340" src="https://kleingarten-bdf.at/wp-content/uploads/2025/02/wind.png" alt="" class="wp-image-473" style="width:370px;height:auto" srcset="https://kleingarten-bdf.at/wp-content/uploads/2025/02/wind.png 595w, https://kleingarten-bdf.at/wp-content/uploads/2025/02/wind-768x438.png 768w" sizes="auto, (max-width: 595px) 100vw, 595px" /></figure>
</div>


<h2 class="wp-block-heading">Informationen für Aufstellung eines Windrades</h2>



<p>Die Errichtung einer <strong>Windkraftanlage</strong> in einem <strong>Kleingartenverein</strong> in Niederösterreich unterliegt mehreren rechtlichen und technischen Einschränkungen. Hier sind die wichtigsten Punkte, die Sie beachten müssen:</p>



<ul class="wp-block-list">
<li>Niederösterreichische Bauordnung (NÖ BO 2014)</li>



<li>Niederösterreichisches Elektrizitätswesengesetz (NÖ ElWG 2005)</li>



<li>Kleingartengesetz &amp; Gartenordnung</li>



<li>Umwelt- &amp; Nachbarschaftsaspekte</li>
</ul>



<p>Eine Windkraftanlage im Kleingartenverein <strong>ist schwer umsetzbar</strong> und erfordert fast immer eine <strong>baurechtliche Genehmigung sowie die Zustimmung des Vereins</strong>. Bevor Sie investieren, sollten Sie mit:</p>



<ul class="wp-block-list">
<li><strong>Bauamt</strong> – wegen Genehmigungspflichten,</li>



<li><strong>Kleingartenverein</strong> – wegen interner Regeln,</li>



<li><strong>Nachbarn</strong> – wegen potenzieller Beschwerden sprechen.</li>
</ul>



<p></p>

<p>Informationen für Aufstellung eines Windrades Die Errichtung einer Windkraftanlage in einem Kleingartenverein in Niederösterreich unterliegt mehreren rechtlichen und technischen Einschränkungen. Hier sind die wichtigsten Punkte, die Sie beachten müssen: Eine&#8230;</p>

<!-- This site is optimized with the Yoast SEO plugin v27.5 - https://yoast.com/product/yoast-seo-wordpress/ -->
<title>Windrad - Kleingartenverein Biedermannsdorf</title>
<meta name="robots" content="index, follow, max-snippet:-1, max-image-preview:large, max-video-preview:-1" />
<link rel="canonical" href="https://kleingarten-bdf.at/index.php/windrad/" />
<meta property="og:locale" content="de_DE" />
<meta property="og:type" content="article" />
<meta property="og:title" content="Windrad - Kleingartenverein Biedermannsdorf" />
<meta property="og:description" content="Informationen für Aufstellung eines Windrades Die Errichtung einer Windkraftanlage in einem Kleingartenverein in Niederösterreich unterliegt mehreren rechtlichen und technischen Einschränkungen. Hier sind die wichtigsten Punkte, die Sie beachten müssen: Eine..." />
<meta property="og:url" content="https://kleingarten-bdf.at/index.php/windrad/" />
<meta property="og:site_name" content="Kleingartenverein Biedermannsdorf" />
<meta property="article:modified_time" content="2025-02-21T10:08:08+00:00" />
<meta property="og:image" content="https://kleingarten-bdf.at/wp-content/uploads/2025/02/wind.png" />
	<meta property="og:image:width" content="595" />
	<meta property="og:image:height" content="340" />
	<meta property="og:image:type" content="image/png" />
<meta name="twitter:card" content="summary_large_image" />
<meta name="twitter:label1" content="Geschätzte Lesezeit" />
	<meta name="twitter:data1" content="1 Minute" />
<script type="application/ld+json" class="yoast-schema-graph">{"@context":"https:\/\/schema.org","@graph":[{"@type":"WebPage","@id":"https:\/\/kleingarten-bdf.at\/index.php\/windrad\/","url":"https:\/\/kleingarten-bdf.at\/index.php\/windrad\/","name":"Windrad - Kleingartenverein Biedermannsdorf","isPartOf":{"@id":"https:\/\/kleingarten-bdf.at\/#website"},"primaryImageOfPage":{"@id":"https:\/\/kleingarten-bdf.at\/index.php\/windrad\/#primaryimage"},"image":{"@id":"https:\/\/kleingarten-bdf.at\/index.php\/windrad\/#primaryimage"},"thumbnailUrl":"https:\/\/kleingarten-bdf.at\/wp-content\/uploads\/2025\/02\/wind.png","datePublished":"2025-02-01T06:44:17+00:00","dateModified":"2025-02-21T10:08:08+00:00","breadcrumb":{"@id":"https:\/\/kleingarten-bdf.at\/index.php\/windrad\/#breadcrumb"},"inLanguage":"de","potentialAction":[{"@type":"ReadAction","target":["https:\/\/kleingarten-bdf.at\/index.php\/windrad\/"]}]},{"@type":"ImageObject","inLanguage":"de","@id":"https:\/\/kleingarten-bdf.at\/index.php\/windrad\/#primaryimage","url":"https:\/\/kleingarten-bdf.at\/wp-content\/uploads\/2025\/02\/wind.png","contentUrl":"https:\/\/kleingarten-bdf.at\/wp-content\/uploads\/2025\/02\/wind.png","width":595,"height":340},{"@type":"BreadcrumbList","@id":"https:\/\/kleingarten-bdf.at\/index.php\/windrad\/#breadcrumb","itemListElement":[{"@type":"ListItem","position":1,"name":"Startseite","item":"https:\/\/kleingarten-bdf.at\/"},{"@type":"ListItem","position":2,"name":"Windrad"}]},{"@type":"WebSite","@id":"https:\/\/kleingarten-bdf.at\/#website","url":"https:\/\/kleingarten-bdf.at\/","name":"Kleingartenverein Biedermannsdorf","description":"","publisher":{"@id":"https:\/\/kleingarten-bdf.at\/#organization"},"potentialAction":[{"@type":"SearchAction","target":{"@type":"EntryPoint","urlTemplate":"https:\/\/kleingarten-bdf.at\/?s={search_term_string}"},"query-input":{"@type":"PropertyValueSpecification","valueRequired":true,"valueName":"search_term_string"}}],"inLanguage":"de"},{"@type":"Organization","@id":"https:\/\/kleingarten-bdf.at\/#organization","name":"Kleingartenverein Biedermannsdorf","url":"https:\/\/kleingarten-bdf.at\/","logo":{"@type":"ImageObject","inLanguage":"de","@id":"https:\/\/kleingarten-bdf.at\/#\/schema\/logo\/image\/","url":"https:\/\/kleingarten-bdf.at\/wp-content\/uploads\/2025\/02\/cropped-lilie-2.png","contentUrl":"https:\/\/kleingarten-bdf.at\/wp-content\/uploads\/2025\/02\/cropped-lilie-2.png","width":245,"height":245,"caption":"Kleingartenverein Biedermannsdorf"},"image":{"@id":"https:\/\/kleingarten-bdf.at\/#\/schema\/logo\/image\/"}}]}</script>
<!-- / Yoast SEO plugin. -->

Informationen für Aufstellung eines Windrades Die Errichtung einer Windkraftanlage in einem Kleingartenverein in Niederösterreich unterliegt mehreren rechtlichen und technischen Einschränkungen. Hier sind die wichtigsten Punkte, die Sie beachten müssen: Eine...
