{"id":88,"date":"2025-02-01T06:47:46","date_gmt":"2025-02-01T06:47:46","guid":{"rendered":"https:\/\/kleingarten-bdf.at\/?page_id=88"},"modified":"2025-02-21T15:05:35","modified_gmt":"2025-02-21T15:05:35","slug":"ruhezeiten","status":"publish","type":"page","link":"https:\/\/kleingarten-bdf.at\/index.php\/ruhezeiten\/","title":{"rendered":"Ruhezeiten"},"content":{"rendered":"<div class=\"wp-block-image\">\n<figure class=\"alignright size-full is-resized\"><img loading=\"lazy\" decoding=\"async\" width=\"1636\" height=\"1144\" src=\"https:\/\/kleingarten-bdf.at\/wp-content\/uploads\/2025\/02\/ruhe.png\" alt=\"\" class=\"wp-image-492\" style=\"width:370px;height:auto\" srcset=\"https:\/\/kleingarten-bdf.at\/wp-content\/uploads\/2025\/02\/ruhe.png 1636w, https:\/\/kleingarten-bdf.at\/wp-content\/uploads\/2025\/02\/ruhe-768x537.png 768w\" sizes=\"auto, (max-width: 1636px) 100vw, 1636px\" \/><\/figure>\n<\/div>\n\n\n<h2 class=\"wp-block-heading\">Wichtige Informationen<\/h2>\n\n\n\n<p><strong>Ruhezeiten sind unbedingt einzuhalten<\/strong> (M\u00e4hen, Aggregate, Lautst\u00e4rke etc.),<br>diese gelten von:<\/p>\n\n\n\n<ul class=\"wp-block-list\">\n<li>Montag \u2013 Freitag vor 06.00 Uhr und ab 22.00 Uhr<\/li>\n\n\n\n<li>Samstag zwischen 12.00 Uhr und 15.00 Uhr<\/li>\n\n\n\n<li>Sonn- und Feiertage ganzt\u00e4gig von 00.00 Uhr bis 24.00 Uhr<\/li>\n<\/ul>\n\n\n\n<p>Die kurzzeitige Verwendung von l\u00e4rmenden Maschinen und Ger\u00e4ten (z.B. f\u00fcr Baut\u00e4tigkeiten) ist nur innerhalb dieser Zeitspannen zul\u00e4ssig.<br><br>Die Zeit am Samstag von 12.00 Uhr bis 15.00 Uhr sowie an den Zeiten zu Sonn- und Feiertagen gilt als absolute Ruhezeit, in der auch die Lautst\u00e4rke von Musikger\u00e4ten u. dgl. so eingestellt sein muss, damit keine St\u00f6rung der Nachbarn erfolgt. W\u00e4hrend der Ruhezeiten ist bei der Nutzung von Pools und Trampolinen auf die damit verbundene L\u00e4rmentwicklung zu achten.<\/p>\n\n\n\n<p><\/p>\n","protected":false},"excerpt":{"rendered":"<p>Wichtige Informationen Ruhezeiten sind unbedingt einzuhalten (M\u00e4hen, Aggregate, Lautst\u00e4rke etc.),diese gelten von: Die kurzzeitige Verwendung von l\u00e4rmenden Maschinen und Ger\u00e4ten (z.B. f\u00fcr Baut\u00e4tigkeiten) ist nur innerhalb dieser Zeitspannen zul\u00e4ssig. Die&#8230;<\/p>\n","protected":false},"author":1,"featured_media":0,"parent":0,"menu_order":0,"comment_status":"closed","ping_status":"closed","template":"","meta":{"_uag_custom_page_level_css":"","_kad_post_transparent":"","_kad_post_title":"","_kad_post_layout":"","_kad_post_sidebar_id":"","_kad_post_content_style":"","_kad_post_vertical_padding":"","_kad_post_feature":"","_kad_post_feature_position":"","_kad_post_header":false,"_kad_post_footer":false,"_kad_post_classname":"","footnotes":""},"class_list":["post-88","page","type-page","status-publish","hentry"],"yoast_head":"<!-- This site is optimized with the Yoast SEO plugin v27.5 - https:\/\/yoast.com\/product\/yoast-seo-wordpress\/ -->\n<title>Ruhezeiten - Kleingartenverein Biedermannsdorf<\/title>\n<meta name=\"robots\" content=\"index, follow, max-snippet:-1, max-image-preview:large, max-video-preview:-1\" \/>\n<link rel=\"canonical\" href=\"https:\/\/kleingarten-bdf.at\/index.php\/ruhezeiten\/\" \/>\n<meta property=\"og:locale\" content=\"de_DE\" \/>\n<meta property=\"og:type\" content=\"article\" \/>\n<meta property=\"og:title\" content=\"Ruhezeiten - Kleingartenverein Biedermannsdorf\" \/>\n<meta property=\"og:description\" content=\"Wichtige Informationen Ruhezeiten sind unbedingt einzuhalten (M\u00e4hen, Aggregate, Lautst\u00e4rke etc.),diese gelten von: Die kurzzeitige Verwendung von l\u00e4rmenden Maschinen und Ger\u00e4ten (z.B. f\u00fcr Baut\u00e4tigkeiten) ist nur innerhalb dieser Zeitspannen zul\u00e4ssig. Die...\" \/>\n<meta property=\"og:url\" content=\"https:\/\/kleingarten-bdf.at\/index.php\/ruhezeiten\/\" \/>\n<meta property=\"og:site_name\" content=\"Kleingartenverein Biedermannsdorf\" \/>\n<meta property=\"article:modified_time\" content=\"2025-02-21T15:05:35+00:00\" \/>\n<meta property=\"og:image\" content=\"https:\/\/kleingarten-bdf.at\/wp-content\/uploads\/2025\/02\/ruhe.png\" \/>\n\t<meta property=\"og:image:width\" content=\"1636\" \/>\n\t<meta property=\"og:image:height\" content=\"1144\" \/>\n\t<meta property=\"og:image:type\" content=\"image\/png\" \/>\n<meta name=\"twitter:card\" content=\"summary_large_image\" \/>\n<meta name=\"twitter:label1\" content=\"Gesch\u00e4tzte Lesezeit\" \/>\n\t<meta name=\"twitter:data1\" content=\"1\u00a0Minute\" \/>\n<script type=\"application\/ld+json\" class=\"yoast-schema-graph\">{\"@context\":\"https:\\\/\\\/schema.org\",\"@graph\":[{\"@type\":\"WebPage\",\"@id\":\"https:\\\/\\\/kleingarten-bdf.at\\\/index.php\\\/ruhezeiten\\\/\",\"url\":\"https:\\\/\\\/kleingarten-bdf.at\\\/index.php\\\/ruhezeiten\\\/\",\"name\":\"Ruhezeiten - Kleingartenverein Biedermannsdorf\",\"isPartOf\":{\"@id\":\"https:\\\/\\\/kleingarten-bdf.at\\\/#website\"},\"primaryImageOfPage\":{\"@id\":\"https:\\\/\\\/kleingarten-bdf.at\\\/index.php\\\/ruhezeiten\\\/#primaryimage\"},\"image\":{\"@id\":\"https:\\\/\\\/kleingarten-bdf.at\\\/index.php\\\/ruhezeiten\\\/#primaryimage\"},\"thumbnailUrl\":\"https:\\\/\\\/kleingarten-bdf.at\\\/wp-content\\\/uploads\\\/2025\\\/02\\\/ruhe.png\",\"datePublished\":\"2025-02-01T06:47:46+00:00\",\"dateModified\":\"2025-02-21T15:05:35+00:00\",\"breadcrumb\":{\"@id\":\"https:\\\/\\\/kleingarten-bdf.at\\\/index.php\\\/ruhezeiten\\\/#breadcrumb\"},\"inLanguage\":\"de\",\"potentialAction\":[{\"@type\":\"ReadAction\",\"target\":[\"https:\\\/\\\/kleingarten-bdf.at\\\/index.php\\\/ruhezeiten\\\/\"]}]},{\"@type\":\"ImageObject\",\"inLanguage\":\"de\",\"@id\":\"https:\\\/\\\/kleingarten-bdf.at\\\/index.php\\\/ruhezeiten\\\/#primaryimage\",\"url\":\"https:\\\/\\\/kleingarten-bdf.at\\\/wp-content\\\/uploads\\\/2025\\\/02\\\/ruhe.png\",\"contentUrl\":\"https:\\\/\\\/kleingarten-bdf.at\\\/wp-content\\\/uploads\\\/2025\\\/02\\\/ruhe.png\",\"width\":1636,\"height\":1144},{\"@type\":\"BreadcrumbList\",\"@id\":\"https:\\\/\\\/kleingarten-bdf.at\\\/index.php\\\/ruhezeiten\\\/#breadcrumb\",\"itemListElement\":[{\"@type\":\"ListItem\",\"position\":1,\"name\":\"Startseite\",\"item\":\"https:\\\/\\\/kleingarten-bdf.at\\\/\"},{\"@type\":\"ListItem\",\"position\":2,\"name\":\"Ruhezeiten\"}]},{\"@type\":\"WebSite\",\"@id\":\"https:\\\/\\\/kleingarten-bdf.at\\\/#website\",\"url\":\"https:\\\/\\\/kleingarten-bdf.at\\\/\",\"name\":\"Kleingartenverein Biedermannsdorf\",\"description\":\"\",\"publisher\":{\"@id\":\"https:\\\/\\\/kleingarten-bdf.at\\\/#organization\"},\"potentialAction\":[{\"@type\":\"SearchAction\",\"target\":{\"@type\":\"EntryPoint\",\"urlTemplate\":\"https:\\\/\\\/kleingarten-bdf.at\\\/?s={search_term_string}\"},\"query-input\":{\"@type\":\"PropertyValueSpecification\",\"valueRequired\":true,\"valueName\":\"search_term_string\"}}],\"inLanguage\":\"de\"},{\"@type\":\"Organization\",\"@id\":\"https:\\\/\\\/kleingarten-bdf.at\\\/#organization\",\"name\":\"Kleingartenverein Biedermannsdorf\",\"url\":\"https:\\\/\\\/kleingarten-bdf.at\\\/\",\"logo\":{\"@type\":\"ImageObject\",\"inLanguage\":\"de\",\"@id\":\"https:\\\/\\\/kleingarten-bdf.at\\\/#\\\/schema\\\/logo\\\/image\\\/\",\"url\":\"https:\\\/\\\/kleingarten-bdf.at\\\/wp-content\\\/uploads\\\/2025\\\/02\\\/cropped-lilie-2.png\",\"contentUrl\":\"https:\\\/\\\/kleingarten-bdf.at\\\/wp-content\\\/uploads\\\/2025\\\/02\\\/cropped-lilie-2.png\",\"width\":245,\"height\":245,\"caption\":\"Kleingartenverein Biedermannsdorf\"},\"image\":{\"@id\":\"https:\\\/\\\/kleingarten-bdf.at\\\/#\\\/schema\\\/logo\\\/image\\\/\"}}]}<\/script>\n<!-- \/ Yoast SEO plugin. -->","yoast_head_json":{"title":"Ruhezeiten - Kleingartenverein Biedermannsdorf","robots":{"index":"index","follow":"follow","max-snippet":"max-snippet:-1","max-image-preview":"max-image-preview:large","max-video-preview":"max-video-preview:-1"},"canonical":"https:\/\/kleingarten-bdf.at\/index.php\/ruhezeiten\/","og_locale":"de_DE","og_type":"article","og_title":"Ruhezeiten - Kleingartenverein Biedermannsdorf","og_description":"Wichtige Informationen Ruhezeiten sind unbedingt einzuhalten (M\u00e4hen, Aggregate, Lautst\u00e4rke etc.),diese gelten von: Die kurzzeitige Verwendung von l\u00e4rmenden Maschinen und Ger\u00e4ten (z.B. f\u00fcr Baut\u00e4tigkeiten) ist nur innerhalb dieser Zeitspannen zul\u00e4ssig. Die...","og_url":"https:\/\/kleingarten-bdf.at\/index.php\/ruhezeiten\/","og_site_name":"Kleingartenverein Biedermannsdorf","article_modified_time":"2025-02-21T15:05:35+00:00","og_image":[{"width":1636,"height":1144,"url":"https:\/\/kleingarten-bdf.at\/wp-content\/uploads\/2025\/02\/ruhe.png","type":"image\/png"}],"twitter_card":"summary_large_image","twitter_misc":{"Gesch\u00e4tzte Lesezeit":"1\u00a0Minute"},"schema":{"@context":"https:\/\/schema.org","@graph":[{"@type":"WebPage","@id":"https:\/\/kleingarten-bdf.at\/index.php\/ruhezeiten\/","url":"https:\/\/kleingarten-bdf.at\/index.php\/ruhezeiten\/","name":"Ruhezeiten - Kleingartenverein Biedermannsdorf","isPartOf":{"@id":"https:\/\/kleingarten-bdf.at\/#website"},"primaryImageOfPage":{"@id":"https:\/\/kleingarten-bdf.at\/index.php\/ruhezeiten\/#primaryimage"},"image":{"@id":"https:\/\/kleingarten-bdf.at\/index.php\/ruhezeiten\/#primaryimage"},"thumbnailUrl":"https:\/\/kleingarten-bdf.at\/wp-content\/uploads\/2025\/02\/ruhe.png","datePublished":"2025-02-01T06:47:46+00:00","dateModified":"2025-02-21T15:05:35+00:00","breadcrumb":{"@id":"https:\/\/kleingarten-bdf.at\/index.php\/ruhezeiten\/#breadcrumb"},"inLanguage":"de","potentialAction":[{"@type":"ReadAction","target":["https:\/\/kleingarten-bdf.at\/index.php\/ruhezeiten\/"]}]},{"@type":"ImageObject","inLanguage":"de","@id":"https:\/\/kleingarten-bdf.at\/index.php\/ruhezeiten\/#primaryimage","url":"https:\/\/kleingarten-bdf.at\/wp-content\/uploads\/2025\/02\/ruhe.png","contentUrl":"https:\/\/kleingarten-bdf.at\/wp-content\/uploads\/2025\/02\/ruhe.png","width":1636,"height":1144},{"@type":"BreadcrumbList","@id":"https:\/\/kleingarten-bdf.at\/index.php\/ruhezeiten\/#breadcrumb","itemListElement":[{"@type":"ListItem","position":1,"name":"Startseite","item":"https:\/\/kleingarten-bdf.at\/"},{"@type":"ListItem","position":2,"name":"Ruhezeiten"}]},{"@type":"WebSite","@id":"https:\/\/kleingarten-bdf.at\/#website","url":"https:\/\/kleingarten-bdf.at\/","name":"Kleingartenverein Biedermannsdorf","description":"","publisher":{"@id":"https:\/\/kleingarten-bdf.at\/#organization"},"potentialAction":[{"@type":"SearchAction","target":{"@type":"EntryPoint","urlTemplate":"https:\/\/kleingarten-bdf.at\/?s={search_term_string}"},"query-input":{"@type":"PropertyValueSpecification","valueRequired":true,"valueName":"search_term_string"}}],"inLanguage":"de"},{"@type":"Organization","@id":"https:\/\/kleingarten-bdf.at\/#organization","name":"Kleingartenverein Biedermannsdorf","url":"https:\/\/kleingarten-bdf.at\/","logo":{"@type":"ImageObject","inLanguage":"de","@id":"https:\/\/kleingarten-bdf.at\/#\/schema\/logo\/image\/","url":"https:\/\/kleingarten-bdf.at\/wp-content\/uploads\/2025\/02\/cropped-lilie-2.png","contentUrl":"https:\/\/kleingarten-bdf.at\/wp-content\/uploads\/2025\/02\/cropped-lilie-2.png","width":245,"height":245,"caption":"Kleingartenverein Biedermannsdorf"},"image":{"@id":"https:\/\/kleingarten-bdf.at\/#\/schema\/logo\/image\/"}}]}},"uagb_featured_image_src":{"full":false,"thumbnail":false,"medium":false,"medium_large":false,"large":false,"1536x1536":false,"2048x2048":false},"uagb_author_info":{"display_name":"admin","author_link":"https:\/\/kleingarten-bdf.at\/index.php\/author\/admin_garten\/"},"uagb_comment_info":0,"uagb_excerpt":"Wichtige Informationen Ruhezeiten sind unbedingt einzuhalten (M\u00e4hen, Aggregate, Lautst\u00e4rke etc.),diese gelten von: Die kurzzeitige Verwendung von l\u00e4rmenden Maschinen und Ger\u00e4ten (z.B. f\u00fcr Baut\u00e4tigkeiten) ist nur innerhalb dieser Zeitspannen zul\u00e4ssig. Die...","_links":{"self":[{"href":"https:\/\/kleingarten-bdf.at\/index.php\/wp-json\/wp\/v2\/pages\/88","targetHints":{"allow":["GET"]}}],"collection":[{"href":"https:\/\/kleingarten-bdf.at\/index.php\/wp-json\/wp\/v2\/pages"}],"about":[{"href":"https:\/\/kleingarten-bdf.at\/index.php\/wp-json\/wp\/v2\/types\/page"}],"author":[{"embeddable":true,"href":"https:\/\/kleingarten-bdf.at\/index.php\/wp-json\/wp\/v2\/users\/1"}],"replies":[{"embeddable":true,"href":"https:\/\/kleingarten-bdf.at\/index.php\/wp-json\/wp\/v2\/comments?post=88"}],"version-history":[{"count":4,"href":"https:\/\/kleingarten-bdf.at\/index.php\/wp-json\/wp\/v2\/pages\/88\/revisions"}],"predecessor-version":[{"id":603,"href":"https:\/\/kleingarten-bdf.at\/index.php\/wp-json\/wp\/v2\/pages\/88\/revisions\/603"}],"wp:attachment":[{"href":"https:\/\/kleingarten-bdf.at\/index.php\/wp-json\/wp\/v2\/media?parent=88"}],"curies":[{"name":"wp","href":"https:\/\/api.w.org\/{rel}","templated":true}]}}

<div class="wp-block-image">
<figure class="alignright size-full is-resized"><img loading="lazy" decoding="async" width="1636" height="1144" src="https://kleingarten-bdf.at/wp-content/uploads/2025/02/ruhe.png" alt="" class="wp-image-492" style="width:370px;height:auto" srcset="https://kleingarten-bdf.at/wp-content/uploads/2025/02/ruhe.png 1636w, https://kleingarten-bdf.at/wp-content/uploads/2025/02/ruhe-768x537.png 768w" sizes="auto, (max-width: 1636px) 100vw, 1636px" /></figure>
</div>


<h2 class="wp-block-heading">Wichtige Informationen</h2>



<p><strong>Ruhezeiten sind unbedingt einzuhalten</strong> (Mähen, Aggregate, Lautstärke etc.),<br>diese gelten von:</p>



<ul class="wp-block-list">
<li>Montag – Freitag vor 06.00 Uhr und ab 22.00 Uhr</li>



<li>Samstag zwischen 12.00 Uhr und 15.00 Uhr</li>



<li>Sonn- und Feiertage ganztägig von 00.00 Uhr bis 24.00 Uhr</li>
</ul>



<p>Die kurzzeitige Verwendung von lärmenden Maschinen und Geräten (z.B. für Bautätigkeiten) ist nur innerhalb dieser Zeitspannen zulässig.<br><br>Die Zeit am Samstag von 12.00 Uhr bis 15.00 Uhr sowie an den Zeiten zu Sonn- und Feiertagen gilt als absolute Ruhezeit, in der auch die Lautstärke von Musikgeräten u. dgl. so eingestellt sein muss, damit keine Störung der Nachbarn erfolgt. Während der Ruhezeiten ist bei der Nutzung von Pools und Trampolinen auf die damit verbundene Lärmentwicklung zu achten.</p>



<p></p>

<p>Wichtige Informationen Ruhezeiten sind unbedingt einzuhalten (Mähen, Aggregate, Lautstärke etc.),diese gelten von: Die kurzzeitige Verwendung von lärmenden Maschinen und Geräten (z.B. für Bautätigkeiten) ist nur innerhalb dieser Zeitspannen zulässig. Die&#8230;</p>

<!-- This site is optimized with the Yoast SEO plugin v27.5 - https://yoast.com/product/yoast-seo-wordpress/ -->
<title>Ruhezeiten - Kleingartenverein Biedermannsdorf</title>
<meta name="robots" content="index, follow, max-snippet:-1, max-image-preview:large, max-video-preview:-1" />
<link rel="canonical" href="https://kleingarten-bdf.at/index.php/ruhezeiten/" />
<meta property="og:locale" content="de_DE" />
<meta property="og:type" content="article" />
<meta property="og:title" content="Ruhezeiten - Kleingartenverein Biedermannsdorf" />
<meta property="og:description" content="Wichtige Informationen Ruhezeiten sind unbedingt einzuhalten (Mähen, Aggregate, Lautstärke etc.),diese gelten von: Die kurzzeitige Verwendung von lärmenden Maschinen und Geräten (z.B. für Bautätigkeiten) ist nur innerhalb dieser Zeitspannen zulässig. Die..." />
<meta property="og:url" content="https://kleingarten-bdf.at/index.php/ruhezeiten/" />
<meta property="og:site_name" content="Kleingartenverein Biedermannsdorf" />
<meta property="article:modified_time" content="2025-02-21T15:05:35+00:00" />
<meta property="og:image" content="https://kleingarten-bdf.at/wp-content/uploads/2025/02/ruhe.png" />
	<meta property="og:image:width" content="1636" />
	<meta property="og:image:height" content="1144" />
	<meta property="og:image:type" content="image/png" />
<meta name="twitter:card" content="summary_large_image" />
<meta name="twitter:label1" content="Geschätzte Lesezeit" />
	<meta name="twitter:data1" content="1 Minute" />
<script type="application/ld+json" class="yoast-schema-graph">{"@context":"https:\/\/schema.org","@graph":[{"@type":"WebPage","@id":"https:\/\/kleingarten-bdf.at\/index.php\/ruhezeiten\/","url":"https:\/\/kleingarten-bdf.at\/index.php\/ruhezeiten\/","name":"Ruhezeiten - Kleingartenverein Biedermannsdorf","isPartOf":{"@id":"https:\/\/kleingarten-bdf.at\/#website"},"primaryImageOfPage":{"@id":"https:\/\/kleingarten-bdf.at\/index.php\/ruhezeiten\/#primaryimage"},"image":{"@id":"https:\/\/kleingarten-bdf.at\/index.php\/ruhezeiten\/#primaryimage"},"thumbnailUrl":"https:\/\/kleingarten-bdf.at\/wp-content\/uploads\/2025\/02\/ruhe.png","datePublished":"2025-02-01T06:47:46+00:00","dateModified":"2025-02-21T15:05:35+00:00","breadcrumb":{"@id":"https:\/\/kleingarten-bdf.at\/index.php\/ruhezeiten\/#breadcrumb"},"inLanguage":"de","potentialAction":[{"@type":"ReadAction","target":["https:\/\/kleingarten-bdf.at\/index.php\/ruhezeiten\/"]}]},{"@type":"ImageObject","inLanguage":"de","@id":"https:\/\/kleingarten-bdf.at\/index.php\/ruhezeiten\/#primaryimage","url":"https:\/\/kleingarten-bdf.at\/wp-content\/uploads\/2025\/02\/ruhe.png","contentUrl":"https:\/\/kleingarten-bdf.at\/wp-content\/uploads\/2025\/02\/ruhe.png","width":1636,"height":1144},{"@type":"BreadcrumbList","@id":"https:\/\/kleingarten-bdf.at\/index.php\/ruhezeiten\/#breadcrumb","itemListElement":[{"@type":"ListItem","position":1,"name":"Startseite","item":"https:\/\/kleingarten-bdf.at\/"},{"@type":"ListItem","position":2,"name":"Ruhezeiten"}]},{"@type":"WebSite","@id":"https:\/\/kleingarten-bdf.at\/#website","url":"https:\/\/kleingarten-bdf.at\/","name":"Kleingartenverein Biedermannsdorf","description":"","publisher":{"@id":"https:\/\/kleingarten-bdf.at\/#organization"},"potentialAction":[{"@type":"SearchAction","target":{"@type":"EntryPoint","urlTemplate":"https:\/\/kleingarten-bdf.at\/?s={search_term_string}"},"query-input":{"@type":"PropertyValueSpecification","valueRequired":true,"valueName":"search_term_string"}}],"inLanguage":"de"},{"@type":"Organization","@id":"https:\/\/kleingarten-bdf.at\/#organization","name":"Kleingartenverein Biedermannsdorf","url":"https:\/\/kleingarten-bdf.at\/","logo":{"@type":"ImageObject","inLanguage":"de","@id":"https:\/\/kleingarten-bdf.at\/#\/schema\/logo\/image\/","url":"https:\/\/kleingarten-bdf.at\/wp-content\/uploads\/2025\/02\/cropped-lilie-2.png","contentUrl":"https:\/\/kleingarten-bdf.at\/wp-content\/uploads\/2025\/02\/cropped-lilie-2.png","width":245,"height":245,"caption":"Kleingartenverein Biedermannsdorf"},"image":{"@id":"https:\/\/kleingarten-bdf.at\/#\/schema\/logo\/image\/"}}]}</script>
<!-- / Yoast SEO plugin. -->

Wichtige Informationen Ruhezeiten sind unbedingt einzuhalten (Mähen, Aggregate, Lautstärke etc.),diese gelten von: Die kurzzeitige Verwendung von lärmenden Maschinen und Geräten (z.B. für Bautätigkeiten) ist nur innerhalb dieser Zeitspannen zulässig. Die...
